{"id":599,"date":"2017-09-03T18:18:01","date_gmt":"2017-09-03T18:18:01","guid":{"rendered":"http:\/\/janulikova.dubravcik.cz\/?page_id=599"},"modified":"2026-04-01T20:05:37","modified_gmt":"2026-04-01T20:05:37","slug":"jak-se-k-nam-dostanete","status":"publish","type":"page","link":"https:\/\/janulikova.cz\/?page_id=599","title":{"rendered":"Jak se k n\u00e1m dostanete"},"content":{"rendered":"<div class=\"page\" title=\"Page 1\">\n<div class=\"layoutArea\">\n<div class=\"column\">\n<p>Nota\u0301r\u030cska\u0301 kancela\u0301r\u030c se nyni\u0301 nacha\u0301zi\u0301 v <strong>Pala\u0301ci Trnita\u0301<\/strong>, a to v jeho niz\u030cs\u030ci\u0301 budove\u030c obloz\u030cene\u0301 <strong>tmave\u030c zeleny\u0301mi kachlic\u030ckami<\/strong>, ktera\u0301 se nacha\u0301zi\u0301 <strong>naproti Galerie Van\u030ckovka pobli\u0301z\u030c U\u0301str\u030cedni\u0301ho autobusove\u0301ho na\u0301draz\u030ci\u0301 Zvonar\u030cka<\/strong>.<\/p>\n<p>Nota\u0301r\u030cskou kancela\u0301r\u030c naleznete <strong>v 1. patr\u030ce<\/strong>, pr\u030cic\u030cemz\u030c po pr\u030cedchozi\u0301 domluve\u030c je moz\u030cne\u0301 zaparkovat v podzemni\u0301ch gara\u0301z\u030ci\u0301ch budovy.<\/p>\n<p>Jinak lze vyuz\u030ci\u0301t parkova\u0301ni\u0301 pr\u030ci\u0301mo v Galerii Van\u030ckovka.<\/p>\n<\/div>\n<\/div>\n<\/div>\n<h2>\u00da\u0159edn\u00ed hodiny<\/h2>\n<table id=\"uredni-hodiny\" width=\"100%\">\n<tbody>\n<tr>\n<td width=\"50%\"><em>Pond\u011bl\u00ed:<\/em><\/td>\n<td><em>8:00 &#8211; 16:30<\/em><\/td>\n<\/tr>\n<tr>\n<td><em>\u00dater\u00fd:<\/em><\/td>\n<td><em>8:00 &#8211; 16:30<\/em><\/td>\n<\/tr>\n<tr>\n<td><em>St\u0159eda:<\/em><\/td>\n<td><em>8:00 &#8211; 17:00<\/em><\/td>\n<\/tr>\n<tr>\n<td><em>\u010ctvrtek:<\/em><\/td>\n<td><em>8:00 &#8211; 16:30<\/em><\/td>\n<\/tr>\n<tr>\n<td><em>P\u00e1tek:<\/em><\/td>\n<td><em>8:00 &#8211; 15:00<\/em><\/td>\n<\/tr>\n<\/tbody>\n<\/table>\n<p>Na z\u00e1klad\u011b p\u0159edchoz\u00ed domluvy V\u00e1m not\u00e1\u0159sk\u00e9 slu\u017eby r\u00e1di poskytneme i mimo \u00fa\u0159edn\u00ed hodiny a\u00a0V\u00e1mi po\u017eadovan\u00e9m m\u00edst\u011b.<\/p>\n","protected":false},"excerpt":{"rendered":"<p>Nota\u0301r\u030cska\u0301 kancela\u0301r\u030c se nyni\u0301 nacha\u0301zi\u0301 v Pala\u0301ci Trnita\u0301, a to v jeho niz\u030cs\u030ci\u0301 budove\u030c obloz\u030cene\u0301 tmave\u030c zeleny\u0301mi kachlic\u030ckami, ktera\u0301 se nacha\u0301zi\u0301 naproti Galerie Van\u030ckovka pobli\u0301z\u030c U\u0301str\u030cedni\u0301ho autobusove\u0301ho na\u0301draz\u030ci\u0301 Zvonar\u030cka. Nota\u0301r\u030cskou kancela\u0301r\u030c naleznete v 1. patr\u030ce, pr\u030cic\u030cemz\u030c po pr\u030cedchozi\u0301 domluve\u030c je moz\u030cne\u0301 zaparkovat v podzemni\u0301ch gara\u0301z\u030ci\u0301ch budovy. Jinak lze vyuz\u030ci\u0301t parkova\u0301ni\u0301 pr\u030ci\u0301mo v Galerii Van\u030ckovka. \u00da\u0159edn\u00ed [&hellip;]<\/p>\n","protected":false},"author":1,"featured_media":0,"parent":0,"menu_order":0,"comment_status":"closed","ping_status":"closed","template":"","meta":{"footnotes":""},"class_list":["post-599","page","type-page","status-publish","hentry"],"_links":{"self":[{"href":"https:\/\/janulikova.cz\/index.php?rest_route=\/wp\/v2\/pages\/599","targetHints":{"allow":["GET"]}}],"collection":[{"href":"https:\/\/janulikova.cz\/index.php?rest_route=\/wp\/v2\/pages"}],"about":[{"href":"https:\/\/janulikova.cz\/index.php?rest_route=\/wp\/v2\/types\/page"}],"author":[{"embeddable":true,"href":"https:\/\/janulikova.cz\/index.php?rest_route=\/wp\/v2\/users\/1"}],"replies":[{"embeddable":true,"href":"https:\/\/janulikova.cz\/index.php?rest_route=%2Fwp%2Fv2%2Fcomments&post=599"}],"version-history":[{"count":5,"href":"https:\/\/janulikova.cz\/index.php?rest_route=\/wp\/v2\/pages\/599\/revisions"}],"predecessor-version":[{"id":806,"href":"https:\/\/janulikova.cz\/index.php?rest_route=\/wp\/v2\/pages\/599\/revisions\/806"}],"wp:attachment":[{"href":"https:\/\/janulikova.cz\/index.php?rest_route=%2Fwp%2Fv2%2Fmedia&parent=599"}],"curies":[{"name":"wp","href":"https:\/\/api.w.org\/{rel}","templated":true}]}}

Jak se k nám dostanete

<div class="page" title="Page 1">
<div class="layoutArea">
<div class="column">
<p>Notářská kancelář se nyní nachází v <strong>Paláci Trnitá</strong>, a to v jeho nižší budově obložené <strong>tmavě zelenými kachličkami</strong>, která se nachází <strong>naproti Galerie Vaňkovka poblíž Ústředního autobusového nádraží Zvonařka</strong>.</p>
<p>Notářskou kancelář naleznete <strong>v 1. patře</strong>, přičemž po předchozí domluvě je možné zaparkovat v podzemních garážích budovy.</p>
<p>Jinak lze využít parkování přímo v Galerii Vaňkovka.</p>
</div>
</div>
</div>
<h2>Úřední hodiny</h2>
<table id="uredni-hodiny" width="100%">
<tbody>
<tr>
<td width="50%"><em>Pondělí:</em></td>
<td><em>8:00 &#8211; 16:30</em></td>
</tr>
<tr>
<td><em>Úterý:</em></td>
<td><em>8:00 &#8211; 16:30</em></td>
</tr>
<tr>
<td><em>Středa:</em></td>
<td><em>8:00 &#8211; 17:00</em></td>
</tr>
<tr>
<td><em>Čtvrtek:</em></td>
<td><em>8:00 &#8211; 16:30</em></td>
</tr>
<tr>
<td><em>Pátek:</em></td>
<td><em>8:00 &#8211; 15:00</em></td>
</tr>
</tbody>
</table>
<p>Na základě předchozí domluvy Vám notářské služby rádi poskytneme i mimo úřední hodiny a Vámi požadovaném místě.</p>

<p>Notářská kancelář se nyní nachází v Paláci Trnitá, a to v jeho nižší budově obložené tmavě zelenými kachličkami, která se nachází naproti Galerie Vaňkovka poblíž Ústředního autobusového nádraží Zvonařka. Notářskou kancelář naleznete v 1. patře, přičemž po předchozí domluvě je možné zaparkovat v podzemních garážích budovy. Jinak lze využít parkování přímo v Galerii Vaňkovka. Úřední [&hellip;]</p>
