{"id":2,"date":"2017-08-28T08:58:25","date_gmt":"2017-08-28T08:58:25","guid":{"rendered":"https:\/\/janulikova.dubravcik.cz\/?page_id=2"},"modified":"2019-06-17T06:50:17","modified_gmt":"2019-06-17T06:50:17","slug":"sample-page","status":"publish","type":"page","link":"https:\/\/janulikova.cz\/?page_id=2","title":{"rendered":"Mgr. Kl\u00e1ra Janul\u00edkov\u00e1"},"content":{"rendered":"<p>Absolvovala jsem studium na <strong>Pr\u00e1vnick\u00e9 fakult\u011b Univerzity Karlovy v\u00a0Praze<\/strong>. Ji\u017e p\u0159i studiu jsem z\u00edsk\u00e1vala zku\u0161enosti v\u00a0p\u0159edn\u00ed \u010desk\u00e9 advok\u00e1tn\u00ed kancel\u00e1\u0159i, ve kter\u00e9 jsem na pracovn\u00edch pozic\u00edch <strong>pr\u00e1vn\u00ed asistentka<\/strong>, <strong>advok\u00e1tn\u00ed koncipientka<\/strong> a pot\u00e9 i <strong>advok\u00e1tka<\/strong> p\u016fsobila <strong>p\u0159es osm let<\/strong>.<\/p>\n<p>Specializovala jsem se na oblast pr\u00e1va <strong>korpor\u00e1tn\u00edho, rodinn\u00e9ho a rovn\u011b\u017e d\u011bdick\u00e9ho<\/strong>.<\/p>\n<p>Z\u00edskala jsem zku\u0161enosti s\u00a0realizac\u00ed v\u0161ech typ\u016f <strong>p\u0159em\u011bn obchodn\u00edch spole\u010dnost\u00ed<\/strong>. S\u00a0not\u00e1\u0159skou \u010dinnost\u00ed jsem se bl\u00ed\u017ee sezn\u00e1mila v\u00a0advokacii a jeliko\u017e m\u011b tato svoj\u00ed d\u016fle\u017eitost\u00ed, pestrost\u00ed a vybudovanou d\u016fv\u011brou v ni \u00fapln\u011b nadchla, nechala jsem se zapsat do seznamu not\u00e1\u0159sk\u00fdch kandid\u00e1t\u016f.<\/p>\n<p>Na z\u00e1klad\u011b v\u00fdsledk\u016f konkurzn\u00edho \u0159\u00edzen\u00ed jsem byla s\u00a0\u00fa\u010dinnost\u00ed ke dni <strong>1.4.2017 jmenov\u00e1na not\u00e1\u0159kou pro obvod Okresn\u00edho soudu Brno-venkov<\/strong>, a to do uvoln\u011bn\u00e9ho not\u00e1\u0159sk\u00e9ho \u00fa\u0159adu po <strong>Mgr. Rafaele \u0160imkov\u00e9<\/strong>.<\/p>\n<p>Not\u00e1\u0159skou kancel\u00e1\u0159 jsem otev\u0159ela o m\u011bs\u00edc pozd\u011bji, tj. <strong>1.5.2017<\/strong>, kterou od t\u00e9 doby naleznete na adrese <strong>Nov\u00e9 sady 996\/25, 602 00 Brno.<\/strong><\/p>\n","protected":false},"excerpt":{"rendered":"<p>Absolvovala jsem studium na Pr\u00e1vnick\u00e9 fakult\u011b Univerzity Karlovy v\u00a0Praze. Ji\u017e p\u0159i studiu jsem z\u00edsk\u00e1vala zku\u0161enosti v\u00a0p\u0159edn\u00ed \u010desk\u00e9 advok\u00e1tn\u00ed kancel\u00e1\u0159i, ve kter\u00e9 jsem na pracovn\u00edch pozic\u00edch pr\u00e1vn\u00ed asistentka, advok\u00e1tn\u00ed koncipientka a pot\u00e9 i advok\u00e1tka p\u016fsobila p\u0159es osm let. Specializovala jsem se na oblast pr\u00e1va korpor\u00e1tn\u00edho, rodinn\u00e9ho a rovn\u011b\u017e d\u011bdick\u00e9ho. Z\u00edskala jsem zku\u0161enosti s\u00a0realizac\u00ed v\u0161ech typ\u016f p\u0159em\u011bn [&hellip;]<\/p>\n","protected":false},"author":1,"featured_media":687,"parent":285,"menu_order":0,"comment_status":"closed","ping_status":"open","template":"includes\/full-width.php","meta":{"footnotes":""},"class_list":["post-2","page","type-page","status-publish","has-post-thumbnail","hentry"],"_links":{"self":[{"href":"https:\/\/janulikova.cz\/index.php?rest_route=\/wp\/v2\/pages\/2","targetHints":{"allow":["GET"]}}],"collection":[{"href":"https:\/\/janulikova.cz\/index.php?rest_route=\/wp\/v2\/pages"}],"about":[{"href":"https:\/\/janulikova.cz\/index.php?rest_route=\/wp\/v2\/types\/page"}],"author":[{"embeddable":true,"href":"https:\/\/janulikova.cz\/index.php?rest_route=\/wp\/v2\/users\/1"}],"replies":[{"embeddable":true,"href":"https:\/\/janulikova.cz\/index.php?rest_route=%2Fwp%2Fv2%2Fcomments&post=2"}],"version-history":[{"count":2,"href":"https:\/\/janulikova.cz\/index.php?rest_route=\/wp\/v2\/pages\/2\/revisions"}],"predecessor-version":[{"id":611,"href":"https:\/\/janulikova.cz\/index.php?rest_route=\/wp\/v2\/pages\/2\/revisions\/611"}],"up":[{"embeddable":true,"href":"https:\/\/janulikova.cz\/index.php?rest_route=\/wp\/v2\/pages\/285"}],"wp:featuredmedia":[{"embeddable":true,"href":"https:\/\/janulikova.cz\/index.php?rest_route=\/wp\/v2\/media\/687"}],"wp:attachment":[{"href":"https:\/\/janulikova.cz\/index.php?rest_route=%2Fwp%2Fv2%2Fmedia&parent=2"}],"curies":[{"name":"wp","href":"https:\/\/api.w.org\/{rel}","templated":true}]}}

Mgr. Klára Janulíková

<p>Absolvovala jsem studium na <strong>Právnické fakultě Univerzity Karlovy v Praze</strong>. Již při studiu jsem získávala zkušenosti v přední české advokátní kanceláři, ve které jsem na pracovních pozicích <strong>právní asistentka</strong>, <strong>advokátní koncipientka</strong> a poté i <strong>advokátka</strong> působila <strong>přes osm let</strong>.</p>
<p>Specializovala jsem se na oblast práva <strong>korporátního, rodinného a rovněž dědického</strong>.</p>
<p>Získala jsem zkušenosti s realizací všech typů <strong>přeměn obchodních společností</strong>. S notářskou činností jsem se blíže seznámila v advokacii a jelikož mě tato svojí důležitostí, pestrostí a vybudovanou důvěrou v ni úplně nadchla, nechala jsem se zapsat do seznamu notářských kandidátů.</p>
<p>Na základě výsledků konkurzního řízení jsem byla s účinností ke dni <strong>1.4.2017 jmenována notářkou pro obvod Okresního soudu Brno-venkov</strong>, a to do uvolněného notářského úřadu po <strong>Mgr. Rafaele Šimkové</strong>.</p>
<p>Notářskou kancelář jsem otevřela o měsíc později, tj. <strong>1.5.2017</strong>, kterou od té doby naleznete na adrese <strong>Nové sady 996/25, 602 00 Brno.</strong></p>

<p>Absolvovala jsem studium na Právnické fakultě Univerzity Karlovy v Praze. Již při studiu jsem získávala zkušenosti v přední české advokátní kanceláři, ve které jsem na pracovních pozicích právní asistentka, advokátní koncipientka a poté i advokátka působila přes osm let. Specializovala jsem se na oblast práva korporátního, rodinného a rovněž dědického. Získala jsem zkušenosti s realizací všech typů přeměn [&hellip;]</p>
